by s?
27
Calculate the remainder when (25 + -24)/((-7 - -3)/(-3580)) is divided by 15.
10
Suppose 20 = o + 3*h, -h + 5*h - 56 = -5*o. Suppose j - 4*m + o - 55 = 0, 206 = 3*j + m. What is the remainder when j is divided by 19?
10
Suppose -164 = -7*h + a - 2*a, 12 = 4*a. What is the remainder when 90 is divided by h?
21
Suppose -5*s = -4*y + 251, -y = -3*s + 4*s - 65. Suppose -48*q - 40*q + 1144 = 0. Calculate the remainder when y is divided by q.
12
Let w be (-3)/3*(-1 - 6) + -3. Suppose -360 = -w*z - 236. Calculate the remainder when 117 is divided by z.
24
Let x = 3654 - 3616. Calculate the remainder when 108 is divided by x.
32
Let x(z) = -z**2 - 13*z - 25. Let v be x(-10). Suppose -35 = -v*b + 25. Suppose b*i - 9*i = 159. Calculate the remainder when i is divided by 27.
26
Let p be (3/6)/(3/(-6)). Calculate the remainder when 58 is divided by p - -9 - (36 - 34).
4
Suppose -58*o - 1022 = -63*o + 4*k, 5*k - 793 = -4*o. What is the remainder when 202 is divided by o?
0
Suppose 1043 = 9*c - 1522. Let f = 134 + c. Calculate the remainder when f is divided by 12.
11
Let f = 9782 + -9709. Calculate the remainder when 1062 is divided by f.
40
Suppose 0 = 3*t + 489 - 501. Suppose -3*y + 2*k = -k - 1068, 3*y + t*k = 1089. What is the remainder when y is divided by 90?
89
Let g(k) = -k**2 + 74*k + 435. What is the remainder when g(76) is divided by 47?
1
Let w(v) = 9*v - 6. Let k be w(1). Let s(h) = 11*h**2 - 38*h + 110. What is the remainder when s(k) is divided by 26?
17
Let k = 1746 - 1720. Let h(g) = g + 102. Calculate the remainder when h(0) is divided by k.
24
Suppose 0 = 14*y - 16*y + 6. Suppose -y*q - 2*q = -15. What is the remainder when 58 is divided by 0 + q - 81/(-3)?
28
Suppose 9*m = -x - 650 + 550, 4*m + 24 = -3*x. Suppose -2*c + 31 = 3*a + 2*a, 2*c + a - 43 = 0. What is the remainder when c is divided by x?
7
Let y be (629/74)/((-1)/(-2)). Suppose -y*l + 1431 + 1221 = 0. Calculate the remainder when l is divided by 20.
16
Let r = -705 - -709. Suppose -5*w - r*x + 53 = -13, -5*w = 3*x - 62. Calculate the remainder when 27 is divided by w.
7
Suppose -5*p + 4*t = -267, -2*p + 108 = -13*t + 11*t. What is the remainder when 163 is divided by p?
10
Let x be (74 - 73)/(1/(-4) - 0). Let d = 2 + 0. What is the remainder when 2/(x/(-200)*d) is divided by 17?
16
Let z(f) be the third derivative of -f**4/4 + 14*f**3/3 - 12*f**2. Let x be z(21). Let v = -45 - x. Calculate the remainder when v is divided by 19.
15
Suppose 29*w + 2800 = 9*w. Let y = -130 - w. What is the remainder when ((-66)/6)/(1/(-3)) is divided by y?
3
Let f = -5372 - -5611. Calculate the remainder when f is divided by 22.
19
Let y(f) be the first derivative of 20*f**2 - 3*f + 1. Suppose -3*d = 2*z - 88, 246*d + 5*z + 79 = 250*d. Calculate the remainder when y(2) is divided by d.
25
Let i = 767 - 222. Let l = 550 - i. Calculate the remainder when 1*(2 + -1 + 6) is divided by l.
2
What is the remainder when 982560/759 + (-18)/33 is divided by 37?
36
Let p = 46 + -41. Suppose -387 = -6*w - 3*w. What is the remainder when w is divided by p?
3
Suppose 4*n = -n - 25, -5*n - 65 = 4*f. Let o(d) = -d**2 - 10*d + 9. Calculate the remainder when 1/(78/169)*12 is divided by o(f).
8
Suppose 3*g - 2 = 7. Suppose 4*o + c - 5*c = 156, -2*c + 122 = g*o. What is the remainder when o is divided by 2 + 0 + 45/9?
5
Suppose 0 = 3*t - 113 - 124. Let p = 283 - 262. Calculate the remainder when t is divided by 2 + p/(-12) + 819/52.
15
Suppose -7*n + 300 = 5*n. Let f(p) = -17*p + 1048. Calculate the remainder when f(47) is divided by n.
24
Let w(p) = 2*p - 41. Let s(i) = -i + 21. Let u(y) = 13*s(y) + 6*w(y). Let x be (-1)/2 + 550/44. Calculate the remainder when 52 is divided by u(x).
7
Suppose -18*d - d = 72*d - 1365. Suppose -5*p + 90 + 45 = 2*v, 348 = 5*v + 2*p. What is the remainder when v is divided by d?
10
Suppose 0 = x - 5*x - 68. Let g(r) = 64*r - 10 + 18 - 29*r + 2*r**2 + 30. What is the remainder when g(x) is divided by 11?
10
Suppose -2*w + 2*r = -3*r - 6, 2*r - 8 = 0. Suppose 12*i - 133 = -w. What is the remainder when 15 is divided by i?
5
Let j = 10 - 12. Let g = -72 + 96. What is the remainder when (1020/g)/(j/(-4)) is divided by 22?
19
Let m = 6772 + -6524. What is the remainder when m is divided by 18?
14
Suppose -1183 + 1641 + 2041 = 17*h. What is the remainder when 305 is divided by h?
11
Suppose -4*p + 125 = 41. Let h(g) = 2*g + 55. Let u be h(24). Let t = u - 98. Calculate the remainder when p is divided by t.
1
Suppose x - 4*t - 261 = 0, -73*x + 70*x + 3*t = -774. Calculate the remainder when x is divided by 88.
81
What is the remainder when 3695 is divided by (-1)/4 - (2/(-6) + 88310/(-120))?
15
Suppose 776*n = 2*y + 780*n - 466, 4*y - 5*n - 906 = 0. What is the remainder when y is divided by 121?
108
Suppose -6*m + 10 = -5*m + 4*x, 4*m = 5*x + 103. Suppose -214 = -7*v + 5*v. Calculate the remainder when v is divided by m.
19
Suppose -4*q + 29 = 1. Suppose -191 = -q*y - 30. What is the remainder when 1190/15 - (-4)/(-12) is divided by y?
10
Let j = -34 + 62. Calculate the remainder when (405/30 - 3)*(-648)/(-63) is divided by j.
24
Suppose -r - 6 = -125. Let s(t) = -106*t - 187. What is the remainder when r is divided by s(-2)?
19
Suppose -5*b + 42 = 4*l - 295, 5*l = -4*b + 410. Let h = -456545 + 456547. What is the remainder when 2/4 - l/(-4) is divided by h?
0
Let v(k) = k**3 - 27*k**2 + 34*k - 37. Let b = -601 - -627. Suppose 2*j + 69 = 3*x, 0 = -x - j - j + 31. Calculate the remainder when v(b) is divided by x.
21
Suppose -104*v + 2816 + 616 = 0. Calculate the remainder when 62 is divided by v.
29
Let m(k) = k**3 - 25*k**2 + 5*k - 53. Let z = 1351 + -1069. Calculate the remainder when z is divided by m(25).
66
Let g(k) = -k**3 + 5*k**2 + 44*k - 30. What is the remainder when 176 is divided by g(9)?
8
Let y = 240 - 221. Suppose -616 = -y*v + 12*v. What is the remainder when v is divided by 23?
19
Calculate the remainder when (44/13)/((-350)/(-2275)) is divided by 11.
0
Let h be 2*-2 + 8 + -2. Suppose -3*n - h*x + 65 = -34, -2*n + 73 = -x. Let f = 49 - n. What is the remainder when 26 is divided by f?
12
Let f(y) = 6*y**3 - y**2 - 28*y + 18. Let i = -24 - -91. What is the remainder when i is divided by f(0)?
13
Let i(d) = -572*d - 1673. Let g = -12 + 34. What is the remainder when i(-3) is divided by g?
21
Suppose 4*j = 106*j - 1632. Calculate the remainder when 5247 is divided by j.
15
Let r be ((-3)/2)/(3/(-444)*2). Let q = r - 58. Calculate the remainder when 168 is divided by q.
9
Suppose -115*f = -110*f - 3565. What is the remainder when f is divided by ((196/12)/7)/(1/6)?
13
Calculate the remainder when 579 is divided by (23 + -1)*(-289)/(-34).
18
Let t = 10 - 4. Suppose -t*k = -4*k - 18. What is the remainder when (490/14)/(1/1) is divided by k?
8
Suppose -294 = -v - 5*s, -2*v + 549 = -2*s + 9. Calculate the remainder when v is divided by 67.
6
Let o = 5392 - -2564. Calculate the remainder when (8/6)/(208/o) is divided by 34.
17
What is the remainder when 664 is divided by (63/(-6))/(120/(-1944)) + (-1)/10?
154
Suppose -31 = -4*p + 3*u, 35 = 6*p - p - 3*u. Suppose g - 3*o = 28, -2*g = g - p*o - 84. Calculate the remainder when 69 is divided by g.
13
Let p(v) = v**3 + 25*v**2 - 8*v + 41. Let m be p(-25). Suppose 14*h - m = -59. Calculate the remainder when 246 is divided by h.
12
Let l(z) = 13*z**2 + 269*z + 1692. What is the remainder when l(-6) is divided by 175?
21
Let u(w) = w**2 + 6*w - 6. Let p = -8 - 3. Let f be u(p). Suppose 51*x - 16 = f*x. Calculate the remainder when 29 is divided by x.
5
Suppose 5*z - 3*q + 1464 = 0, -2*q - 1158 = -10*z + 14*z. Let o = -267 - z. Suppose -3*y + 40 + 101 = 0. What is the remainder when y is divided by o?
23
What is the remainder when 8046 is divided by 275*(-2)/(-10) - 9?
42
Suppose -18*z - 3973 = -47*z. Calculate the remainder when z + -3 + (-1 - -6) is divided by 71.
68
Suppose -158 = -g - i - 27, 2*g + i = 265. Suppose -108 - 79 = -11*a. What is the remainder when g is divided by a?
15
Let j(o) = 593*o + 3199. Calculate the remainder when j(-4) is divided by 138.
137
Let q(i) = -2*i + 43. Let c be q(23). What is the remainder when 157 + c/(-5 - -4) is divided by 42?
34
Suppose -14*t + 8244 = -10*t - 4*a, -3*a = -4*t + 8247